{"id":932,"date":"2024-06-11T09:11:58","date_gmt":"2024-06-11T09:11:58","guid":{"rendered":"https:\/\/buszujacawangielskim.pl\/?page_id=932"},"modified":"2024-06-12T14:43:53","modified_gmt":"2024-06-12T14:43:53","slug":"932-2","status":"publish","type":"page","link":"https:\/\/buszujacawangielskim.pl\/?page_id=932","title":{"rendered":""},"content":{"rendered":"\n<h1 class=\"wp-block-heading has-text-align-center has-x-large-font-size\"><img fetchpriority=\"high\" decoding=\"async\" width=\"700\" height=\"175\" class=\"wp-image-940\" style=\"width: 700px;\" src=\"https:\/\/buszujacawangielskim.pl\/wp-content\/uploads\/Kopia-\u2013-Baner-1.png\" alt=\"\" srcset=\"https:\/\/buszujacawangielskim.pl\/wp-content\/uploads\/Kopia-\u2013-Baner-1.png 1584w, https:\/\/buszujacawangielskim.pl\/wp-content\/uploads\/Kopia-\u2013-Baner-1-768x192.png 768w, https:\/\/buszujacawangielskim.pl\/wp-content\/uploads\/Kopia-\u2013-Baner-1-1536x384.png 1536w, https:\/\/buszujacawangielskim.pl\/wp-content\/uploads\/Kopia-\u2013-Baner-1-599x150.png 599w\" sizes=\"(max-width: 700px) 100vw, 700px\" \/><\/h1>\n\n\n\n<p><strong>1. Czym s\u0105 pytania po\u015brednie i jak je tworzymy?<\/strong><\/p>\n\n\n\n<ul class=\"wp-block-list\">\n<li>Pytania po\u015brednie s\u0105 wa\u017cn\u0105 cz\u0119\u015bci\u0105 codziennych rozm\u00f3w, poniewa\u017c pozwalaj\u0105 nam uzyska\u0107 potrzebne informacje przy jednoczesnym zachowaniu uprzejmego i przyjaznego tonu.<\/li>\n\n\n\n<li>Cech\u0105 charakterystyczn\u0105 pyta\u0144 po\u015brednich jest brak inwersji i zastosowanie fraz wprowadzaj\u0105cych.<\/li>\n\n\n\n<li>Struktura pyta\u0144 po\u015brednich wygl\u0105da nast\u0119puj\u0105co:&nbsp;<strong>faza wprowadzaj\u0105ca + s\u0142\u00f3wko pytaj\u0105ce\/\u201cif\u201d lub \u201cwhether\u201d + podmiot + czasownik + reszta zdania.<\/strong><\/li>\n<\/ul>\n\n\n\n<p><strong>2. Przyk\u0142ady zamiany pyta\u0144 bezpo\u015brednich na po\u015brednie:<\/strong><\/p>\n\n\n\n<p class=\"has-text-align-center\">\u201cWhere is the nearest supermarket\u201d &#8211; \u201cDo you know where the nearest supermarket is?\u201d<\/p>\n\n\n\n<p class=\"has-text-align-center\">\u201cDoes she like chocolate?\u201d &#8211; \u201cCould you tell me if she likes chocolate?\u201d<\/p>\n\n\n\n<ul class=\"wp-block-list\">\n<li>Zauwa\u017c, \u017ce w przypadku pyta\u0144 zamkni\u0119tych (yes\/no questions) zamiast s\u0142\u00f3wka pytaj\u0105cego stosujemy \u0142\u0105cznik \u201eif\u201d lub \u201ewhether\u201d, kt\u00f3re przet\u0142umaczy\u0107 mo\u017cemy tutaj jako \u201cczy\u201d.<\/li>\n<\/ul>\n\n\n\n<p><strong>3. Frazy wprowadzaj\u0105ce nadaj\u0105 pytaniom po\u015brednim charakterystycznego uprzejmego tonu<\/strong>:<\/p>\n\n\n\n<ul class=\"wp-block-list\">\n<li>\u201eCan you tell me..?\u201d<\/li>\n\n\n\n<li>\u201eCould you tell me..?\u201d<\/li>\n\n\n\n<li>\u201eDo you know..?\u201d<\/li>\n\n\n\n<li>\u201eI wonder\u2026\u201d<\/li>\n\n\n\n<li>\u201eWould you mind telling me..?\u201d<\/li>\n\n\n\n<li>\u201eI\u2019d like to know\u2026\u201d<\/li>\n<\/ul>\n\n\n\n<p>W przypadku gdy pytanie po\u015brednie rozpoczyna si\u0119 od fraz \u201cI\u2019d like to know\u201d lub \u201cI wonder\u201d i podobnych, na ko\u0144cu zdania stawiamy kropk\u0119, a nie znak zapytania.<\/p>\n\n\n\n<p><strong>Zadanie 1: Na postawie podanych pyta\u0144 bezpo\u015brednich, uzupe\u0142nij brakuj\u0105ce fragmenty pyta\u0144 po\u015brednich.<\/strong><\/p>\n\n\n\n<p>1) Where does he live?<\/p>\n\n\n\n<p>Can you tell me ________________________?<\/p>\n\n\n\n<p>2) Is the museum open today?<\/p>\n\n\n\n<p>Do you know ________________________?<\/p>\n\n\n\n<p>3) What time does the bus leave?<\/p>\n\n\n\n<p>Could you tell me ________________________?<\/p>\n\n\n\n<p>4) Did they enjoy the concert?<\/p>\n\n\n\n<p>Do you know ________________________?<\/p>\n\n\n\n<p>5) Why is he sad?<\/p>\n\n\n\n<p>I wonder ________________________.<\/p>\n\n\n\n<p><strong>Zadanie 2: Napisz pytania po\u015brednie na podstawie podanych zda\u0144.<\/strong><\/p>\n\n\n\n<p>1) She lives in New York.<\/p>\n\n\n\n<p>Pytanie po\u015brednie: ________________________________________________<\/p>\n\n\n\n<p>2) The meeting starts at 10 am.<\/p>\n\n\n\n<p>Pytanie po\u015brednie: ________________________________________________<\/p>\n\n\n\n<p>3) He can play the piano.<\/p>\n\n\n\n<p>Pytanie po\u015brednie: ________________________________________________<\/p>\n\n\n\n<p>4) They are coming to the party.<\/p>\n\n\n\n<p>Pytanie po\u015brednie: ________________________________________________<\/p>\n\n\n\n<p>5) She finished her homework.<\/p>\n\n\n\n<p>Pytanie po\u015brednie: ________________________________________________<\/p>\n\n\n\n<p>Wersj\u0119 PDF do druku wraz z kluczem odpowiedzi znajdziesz w sekcji &#8222;materia\u0142y&#8221; dost\u0119pnej na dole strony. <\/p>\n\n\n\n<p>MATERIA\u0141Y<\/p>\n\n\n\n<div class=\"wp-block-file\"><a id=\"wp-block-file--media-bd46941c-7c53-4d75-8c97-07f2b23ec5e4\" href=\"https:\/\/buszujacawangielskim.pl\/wp-content\/uploads\/Darmowe-pytania-posrednie.pdf\">Buszujac_w_gramatyce_pytania po\u015brednie<\/a><\/div>\n","protected":false},"excerpt":{"rendered":"<p>1. Czym s\u0105 pytania po\u015brednie i jak je tworzymy? 2. Przyk\u0142ady zamiany pyta\u0144 bezpo\u015brednich na po\u015brednie: \u201cWhere is the nearest supermarket\u201d &#8211; \u201cDo you know where the nearest supermarket is?\u201d \u201cDoes she like chocolate?\u201d &#8211; \u201cCould you tell me if she likes chocolate?\u201d 3. Frazy wprowadzaj\u0105ce nadaj\u0105 pytaniom po\u015brednim charakterystycznego uprzejmego tonu: W przypadku gdy [&hellip;]<\/p>\n","protected":false},"author":1,"featured_media":0,"parent":0,"menu_order":0,"comment_status":"closed","ping_status":"closed","template":"","meta":{"_uag_custom_page_level_css":"","_monsterinsights_skip_tracking":false,"_monsterinsights_sitenote_active":false,"_monsterinsights_sitenote_note":"","_monsterinsights_sitenote_category":0,"site-sidebar-layout":"default","site-content-layout":"","ast-site-content-layout":"default","site-content-style":"default","site-sidebar-style":"default","ast-global-header-display":"","ast-banner-title-visibility":"","ast-main-header-display":"","ast-hfb-above-header-display":"","ast-hfb-below-header-display":"","ast-hfb-mobile-header-display":"","site-post-title":"disabled","ast-breadcrumbs-content":"","ast-featured-img":"","footer-sml-layout":"","ast-disable-related-posts":"","theme-transparent-header-meta":"","adv-header-id-meta":"","stick-header-meta":"","header-above-stick-meta":"","header-main-stick-meta":"","header-below-stick-meta":"","astra-migrate-meta-layouts":"default","ast-page-background-enabled":"default","ast-page-background-meta":{"desktop":{"background-color":"var(--ast-global-color-4)","background-image":"","background-repeat":"repeat","background-position":"center center","background-size":"auto","background-attachment":"scroll","background-type":"","background-media":"","overlay-type":"","overlay-color":"","overlay-opacity":"","overlay-gradient":""},"tablet":{"background-color":"","background-image":"","background-repeat":"repeat","background-position":"center center","background-size":"auto","background-attachment":"scroll","background-type":"","background-media":"","overlay-type":"","overlay-color":"","overlay-opacity":"","overlay-gradient":""},"mobile":{"background-color":"","background-image":"","background-repeat":"repeat","background-position":"center center","background-size":"auto","background-attachment":"scroll","background-type":"","background-media":"","overlay-type":"","overlay-color":"","overlay-opacity":"","overlay-gradient":""}},"ast-content-background-meta":{"desktop":{"background-color":"var(--ast-global-color-5)","background-image":"","background-repeat":"repeat","background-position":"center center","background-size":"auto","background-attachment":"scroll","background-type":"","background-media":"","overlay-type":"","overlay-color":"","overlay-opacity":"","overlay-gradient":""},"tablet":{"background-color":"var(--ast-global-color-5)","background-image":"","background-repeat":"repeat","background-position":"center center","background-size":"auto","background-attachment":"scroll","background-type":"","background-media":"","overlay-type":"","overlay-color":"","overlay-opacity":"","overlay-gradient":""},"mobile":{"background-color":"var(--ast-global-color-5)","background-image":"","background-repeat":"repeat","background-position":"center center","background-size":"auto","background-attachment":"scroll","background-type":"","background-media":"","overlay-type":"","overlay-color":"","overlay-opacity":"","overlay-gradient":""}},"footnotes":""},"class_list":["post-932","page","type-page","status-publish","hentry"],"aioseo_notices":[],"uagb_featured_image_src":{"full":false,"thumbnail":false,"medium":false,"medium_large":false,"large":false,"1536x1536":false,"2048x2048":false},"uagb_author_info":{"display_name":"Sylwia Chrzanowska","author_link":"https:\/\/buszujacawangielskim.pl\/?author=1"},"uagb_comment_info":0,"uagb_excerpt":"1. Czym s\u0105 pytania po\u015brednie i jak je tworzymy? 2. Przyk\u0142ady zamiany pyta\u0144 bezpo\u015brednich na po\u015brednie: \u201cWhere is the nearest supermarket\u201d &#8211; \u201cDo you know where the nearest supermarket is?\u201d \u201cDoes she like chocolate?\u201d &#8211; \u201cCould you tell me if she likes chocolate?\u201d 3. Frazy wprowadzaj\u0105ce nadaj\u0105 pytaniom po\u015brednim charakterystycznego uprzejmego tonu: W przypadku gdy&hellip;","_links":{"self":[{"href":"https:\/\/buszujacawangielskim.pl\/index.php?rest_route=\/wp\/v2\/pages\/932","targetHints":{"allow":["GET"]}}],"collection":[{"href":"https:\/\/buszujacawangielskim.pl\/index.php?rest_route=\/wp\/v2\/pages"}],"about":[{"href":"https:\/\/buszujacawangielskim.pl\/index.php?rest_route=\/wp\/v2\/types\/page"}],"author":[{"embeddable":true,"href":"https:\/\/buszujacawangielskim.pl\/index.php?rest_route=\/wp\/v2\/users\/1"}],"replies":[{"embeddable":true,"href":"https:\/\/buszujacawangielskim.pl\/index.php?rest_route=%2Fwp%2Fv2%2Fcomments&post=932"}],"version-history":[{"count":5,"href":"https:\/\/buszujacawangielskim.pl\/index.php?rest_route=\/wp\/v2\/pages\/932\/revisions"}],"predecessor-version":[{"id":1301,"href":"https:\/\/buszujacawangielskim.pl\/index.php?rest_route=\/wp\/v2\/pages\/932\/revisions\/1301"}],"wp:attachment":[{"href":"https:\/\/buszujacawangielskim.pl\/index.php?rest_route=%2Fwp%2Fv2%2Fmedia&parent=932"}],"curies":[{"name":"wp","href":"https:\/\/api.w.org\/{rel}","templated":true}]}}